s 202680707 a prime number?
False
Is 152993921 a composite number?
False
Is 260868953 prime?
True
Is 25503647 a composite number?
True
Is 9352841 a composite number?
False
Is 1190201 composite?
False
Is 104446 prime?
False
Is 6216377 a prime number?
True
Is 9360181 prime?
True
Is 3650483 a prime number?
True
Is 6154217 a composite number?
False
Is 134162461 a prime number?
False
Is 469687 a prime number?
True
Is 54378745 prime?
False
Is 302801 prime?
True
Is 3149309 composite?
False
Is 42369103 composite?
True
Is 699821 a prime number?
False
Is 7406327 a prime number?
False
Is 24526679 prime?
False
Is 53497853 prime?
True
Is 1388879 prime?
False
Is 66931561 a composite number?
False
Is 14468359 a prime number?
True
Is 110042731 prime?
True
Is 1272209287 composite?
False
Is 8323151 a composite number?
False
Is 170856017 composite?
True
Is 5413033 prime?
True
Is 1724431 prime?
False
Is 11892899 prime?
False
Is 1407649 prime?
False
Is 3799547 prime?
True
Is 68487847 a composite number?
False
Is 76839101 prime?
True
Is 15566413 a prime number?
True
Is 3913517 a composite number?
True
Is 6342073 prime?
False
Is 4309519 a prime number?
True
Is 31448621 a composite number?
False
Is 6687869 prime?
True
Is 379529291 composite?
False
Is 14425517 composite?
True
Is 230047 prime?
True
Is 29959574 a prime number?
False
Is 10108541 a composite number?
False
Is 742609 composite?
True
Is 20215523 a composite number?
True
Is 4400797 composite?
True
Is 15283649 a composite number?
False
Is 712087 composite?
True
Is 17703109 a composite number?
False
Is 1229 composite?
False
Is 4573627 a prime number?
True
Is 13953601 prime?
True
Is 16280027 a composite number?
False
Is 7638671 composite?
True
Is 584329 composite?
True
Is 2869931 composite?
True
Is 1356371 a composite number?
False
Is 2256959 composite?
False
Is 178269911 composite?
False
Is 38359403 a composite number?
False
Is 84011 a composite number?
False
Is 4241603 composite?
False
Is 63038627 a prime number?
True
Is 56230129 a prime number?
True
Is 47312819 a composite number?
True
Is 57032849 a composite number?
False
Is 213777889 a prime number?
False
Is 8904023 a composite number?
False
Is 876145 a prime number?
False
Is 90319 prime?
False
Is 11397689 a prime number?
True
Is 1498111 a prime number?
False
Is 6337817 prime?
False
Is 1533643 a composite number?
False
Is 18266683 prime?
False
Is 83297897 a prime number?
False
Is 382974121 a composite number?
False
Is 10374115 a prime number?
False
Is 77737967 prime?
True
Is 784679 a composite number?
True
Is 1090949 composite?
False
Is 7456017 composite?
True
Is 47749162 a composite number?
True
Is 268511597 composite?
True
Is 37401599 composite?
False
Is 1817341 a prime number?
True
Is 70964497 prime?
True
Is 13182929 prime?
True
Is 40813133 prime?
True
Is 660493 a composite number?
False
Is 21222227 a composite number?
True
Is 450491 composite?
True
Is 75842419 composite?
False
Is 6544159 composite?
True
Is 26472431 prime?
True
Is 1539847 a prime number?
True
Is 12386258 composite?
True
Is 29928922 composite?
True
Is 4031285 composite?
True
Is 532767 composite?
True
Is 137064893 a composite number?
True
Is 15337019 a composite number?
False
Is 12283277 a composite number?
False
Is 53264657 a composite number?
True
Is 73708927 a prime number?
False
Is 777283 composite?
True
Is 63231023 a composite number?
False
Is 31737137 composite?
True
Is 199925071 prime?
False
Is 13996519 composite?
True
Is 25328819 a prime number?
False
Is 3561611 composite?
False
Is 32633191 composite?
False
Is 63540649 prime?
False
Is 1526411 prime?
True
Is 4108331 a prime number?
True
Is 265794317 a composite number?
True
Is 78368159 prime?
True
Is 73905473 composite?
False
Is 7281602 prime?
False
Is 609221 composite?
False
Is 324552017 a prime number?
False
Is 9369641 a composite number?
True
Is 176259703 prime?
True
Is 350668743 composite?
True
Is 15504089 composite?
False
Is 1206781 a composite number?
False
Is 1714549 prime?
False
Is 4591159 a composite number?
False
Is 1202549 prime?
True
Is 4904197 a composite number?
False
Is 61386095 prime?
False
Is 704751757 prime?
True
Is 8578571 a prime number?
True
Is 15022955 prime?
False
Is 30772187 a composite number?
False
Is 103495243 a prime number?
True
Is 75583117 prime?
False
Is 95779223 composite?
False
Is 62368451 a composite number?
False
Is 1794343 composite?
False
Is 76532185 a prime number?
False
Is 54430159 a composite number?
True
Is 11168897 prime?
False
Is 11927557 a prime number?
False
Is 38592595 prime?
False
Is 203854321 a composite number?
True
Is 606559 a prime number?
True
Is 6411967 composite?
True
Is 8170691 a prime number?
False
Is 117775891 a prime number?
True
Is 1451003 composite?
False
Is 72389 prime?
False
Is 3747734 composite?
True
Is 1786831 prime?
True
Is 247681067 composite?
True
Is 36149329 a composite number?
False
Is 474977 a composite number?
False
Is 431948977 composite?
False
Is 7403519 prime?
False
Is 564265213 prime?
False
Is 71707469 composite?
False
Is 228438151 a prime number?
True
Is 16293874 a composite number?
True
Is 34802411 a composite number?
True
Is 2021821 prime?
False
Is 119997263 a prime number?
True
Is 2158679 composite?
False
Is 7585241 a prime number?
False
Is 150613 composite?
True
Is 5255093 composite?
True
Is 8897017 a composite number?
False
Is 1109083 a composite number?
True
Is 199310569 a prime number?
True
Is 253282 a composite number?
True
Is 3240551 prime?
True
Is 15006766 a prime number?
False
Is 178117 prime?
True
Is 2332637 a prime number?
False
Is 3407882 prime?
False
Is 334796023 a prime number?
True
Is 4931041 a prime number?
False
Is 45879407 a prime number?
False
Is 5720369 prime?
True
Is 3547997 prime?
False
Is 2985733 a composite number?
False
Is 9927487 composite?
False
Is 9206635 a prime number?
False
Is 1674919 a composite number?
False
Is 63642589 prime?
True
Is 9752593 composite?
True
Is 13245922 a composite number?
True
Is 2694221 a composite number?
False
Is 19450757 composite?
True
Is 2110237 a prime number?
False
Is 84273689 a composite number?
False
Is 52712293 composite?
False
Is 1568621 a prime number?
False
Is 54179843 a prime number?
False
Is 2008421 a composite number?
False
Is 2875393 a prime number?
True
Is 423551 a composite number?
True
Is 6582409 a composite number?
True
Is 810829 prime?
False
Is 993821 a prime number?
True
Is 7358209 a prime number?
False
Is 57053827 prime?
False
Is 78899 composite?
True
Is 4291897 composite?
True
Is 79805051 prime?
True
Is 60299621 a prime number?
True
Is 6890441 composite?
True
Is 82876777 a prime number?
False
Is 435556659 prime?
False
Is 8269589 prime?
True
Is 425641 prime?
True
Is 1682801 composite?
False
Is 25466239 a composite number?
False
Is 933577 composite?
True
Is 2815357 composite?
True
Is 10313653 a prime number?
False
Is 213484829 prime?
False
Is 4824901 composite?
True
Is 60901787 composite?
False
Is 48960337 a composite number?
False
Is 8510701 prime?
True
Is 46516793 a prime number?
False
Is 21387983 composite?
True
Is 901619 a composite number?
True
Is 86125459 a composite number?
True
Is 2307139 prime?
True
Is 138468081 a prime number?
False
Is 27296527 a composite number?
True
Is 1855922 composite?
True
Is 704149 prime?
False
Is 510333 prime?
False
Is 196563619 a prime number?
False
Is 69404347 composite?
False
Is 20314921 a prime number?
False
Is 23946391 a composite number?
True
Is 5052673 a prime number?
True
Is 8261879 composite?
False
Is 154061261 a composite number?
True
Is 336961 a composite number?
False
Is 7570141 a prime number?
True
Is 20868319 composite?
False
Is 2226007 composite?
True
Is 6610969 a prime number?
False
Is 1417931 prime?
True
Is 26148853 composite?
False
Is 7055551 prime?
False
Is 47843147 a composite number?
True
Is 1631863 a prime number?
False
Is 1856891 a composite number?
False
Is 574423 a prime number?
True
Is 29845003 a prime number?
True
Is 2189281 prime?
True
Is 6501163 composite?
True
Is 92541817 prime?
True
Is 132596939 a composite number?
True
Is 157427 composite?
False
Is 520300147 a prime number?
False
Is 1071823 composite?
True
Is 137635 a prime number?
False
Is 923137 a composite number?
False
Is 26539057 a composite number?
True
Is